{"id":1384,"date":"2024-03-24T12:26:09","date_gmt":"2024-03-24T11:26:09","guid":{"rendered":"https:\/\/csgartphotos.fr\/?page_id=1384"},"modified":"2024-04-25T12:46:54","modified_gmt":"2024-04-25T10:46:54","slug":"conditions-generales","status":"publish","type":"page","link":"https:\/\/csgartphotos.fr\/?page_id=1384","title":{"rendered":"Conditions g\u00e9n\u00e9rales"},"content":{"rendered":"\n<h2 class=\"wp-block-heading\">D\u00e9placement<\/h2>\n\n\n\n<p>Le d\u00e9placement est inclus dans un rayon de 20km de Limoges. Pour des projets  situ\u00e9es en dehors de ce rayon, des frais seront appliqu\u00e9s (0,40\u20ac\/km). Ces frais couvrent les co\u00fbts li\u00e9s au carburant, \u00e0 l&rsquo;entretien du v\u00e9hicule et aux frais associ\u00e9s aux d\u00e9placements.<\/p>\n\n\n\n<p><strong>Autres frais de d\u00e9placement<\/strong>&nbsp;: les frais de p\u00e9age, de stationnement, de train, d&rsquo;h\u00f4tel et de repas n\u00e9cessaires pour les projets situ\u00e9s en dehors du rayon sp\u00e9cifi\u00e9 ci-dessus seront \u00e9galement factur\u00e9s en suppl\u00e9ment. Ces frais seront convenus avec le client avant la s\u00e9ance et seront inclus dans le devis final.<\/p>\n\n\n\n<h2 class=\"wp-block-heading\">D\u00e9roulement des s\u00e9ances<\/h2>\n\n\n\n<p>En tant que photographe, je suis responsable de la direction de la s\u00e9ance en collaboration avec vous. Cependant, je me r\u00e9serve le droit de refuser toute demande qui ne correspondrait pas \u00e0 mon style photographique ou qui serait inappropri\u00e9e. <\/p>\n\n\n\n<p>J&rsquo;essaie de m&rsquo;adapter dans la mesure du possible \u00e0 l&rsquo;environnement et aux conditions m\u00e9t\u00e9orologiques. Les parents sont invit\u00e9s \u00e0 me faire confiance pour diriger la s\u00e9ance, tout en demeurant responsables de leurs enfants.<\/p>\n\n\n\n<p> Si j&rsquo;estime que je ne peux pas r\u00e9aliser mon travail correctement pendant la s\u00e9ance en raison de circonstances impr\u00e9vues, je me r\u00e9serve le droit de reporter la s\u00e9ance ou de proc\u00e9der \u00e0 un remboursement.<\/p>\n\n\n\n<p>En cas de retard des clients, la s\u00e9ance se terminera \u00e0 l&rsquo;heure initialement pr\u00e9vue, sauf cas exceptionnels. <\/p>\n\n\n\n<h2 class=\"wp-block-heading\">Dur\u00e9e<\/h2>\n\n\n\n<p>Je m&rsquo;engage \u00e0 respecter la dur\u00e9e pr\u00e9vue de la s\u00e9ance telle qu&rsquo;indiqu\u00e9e dans le contrat. Aucun remboursement ne sera accord\u00e9 si la s\u00e9ance se termine avant l&rsquo;heure pr\u00e9vue pour quelque raison que ce soit, sauf si cette abr\u00e9viation est due \u00e0 une circonstance de ma responsabilit\u00e9.<\/p>\n\n\n\n<p>Lors des s\u00e9ances, des heures suppl\u00e9mentaires peuvent \u00eatre convenues si n\u00e9cessaire. Ces heures suppl\u00e9mentaires seront factur\u00e9es au tarif convenu et devront \u00eatre pay\u00e9es le jour m\u00eame de la s\u00e9ance. Sans paiement des heures suppl\u00e9mentaires, aucune photo ne sera trait\u00e9e ni livr\u00e9e.<\/p>\n\n\n<style>.wp-block-kadence-advancedheading.kt-adv-heading1384_73a34d-37, .wp-block-kadence-advancedheading.kt-adv-heading1384_73a34d-37[data-kb-block=\"kb-adv-heading1384_73a34d-37\"]{font-style:normal;}.wp-block-kadence-advancedheading.kt-adv-heading1384_73a34d-37 mark.kt-highlight, .wp-block-kadence-advancedheading.kt-adv-heading1384_73a34d-37[data-kb-block=\"kb-adv-heading1384_73a34d-37\"] mark.kt-highlight{font-style:normal;color:#f76a0c;-webkit-box-decoration-break:clone;box-decoration-break:clone;padding-top:0px;padding-right:0px;padding-bottom:0px;padding-left:0px;}.wp-block-kadence-advancedheading.kt-adv-heading1384_73a34d-37 img.kb-inline-image, .wp-block-kadence-advancedheading.kt-adv-heading1384_73a34d-37[data-kb-block=\"kb-adv-heading1384_73a34d-37\"] img.kb-inline-image{width:150px;vertical-align:baseline;}<\/style>\n<h2 class=\"kt-adv-heading1384_73a34d-37 wp-block-kadence-advancedheading\" data-kb-block=\"kb-adv-heading1384_73a34d-37\">Traitement des images et des vid\u00e9os<\/h2>\n\n\n\n<p>En tant que photographe, je suis responsable de la s\u00e9lection des photos \u00e0 conserver et de leur traitement. Les photos seront trait\u00e9es \u00e0 l&rsquo;aide d&rsquo;un logiciel de retouche pour ajuster le cadrage, la colorim\u00e9trie, la luminosit\u00e9, le contraste, etc., conform\u00e9ment \u00e0 mon style photographique. <\/p>\n\n\n\n<p>Les retouches seront effectu\u00e9es dans mon style photographique sp\u00e9cifique, garantissant ainsi une coh\u00e9rence esth\u00e9tique \u00e0 l&rsquo;ensemble des images. Aucune r\u00e9vision des retouches n&rsquo;est comprise dans le prix initial de la prestation. Si le client souhaite des modifications suppl\u00e9mentaires apr\u00e8s la livraison des photos retouch\u00e9es, un nouveau devis sera \u00e9tabli pour couvrir les frais de travail suppl\u00e9mentaires.<\/p>\n\n\n\n<p>Les photos brutes, non retouch\u00e9es, ne seront pas fournies aux clients. Seules les photos retouch\u00e9es seront livr\u00e9es.<\/p>\n\n\n<style>.wp-block-kadence-advancedheading.kt-adv-heading1384_351a6c-ee, .wp-block-kadence-advancedheading.kt-adv-heading1384_351a6c-ee[data-kb-block=\"kb-adv-heading1384_351a6c-ee\"]{font-style:normal;}.wp-block-kadence-advancedheading.kt-adv-heading1384_351a6c-ee mark.kt-highlight, .wp-block-kadence-advancedheading.kt-adv-heading1384_351a6c-ee[data-kb-block=\"kb-adv-heading1384_351a6c-ee\"] mark.kt-highlight{font-style:normal;color:#f76a0c;-webkit-box-decoration-break:clone;box-decoration-break:clone;padding-top:0px;padding-right:0px;padding-bottom:0px;padding-left:0px;}.wp-block-kadence-advancedheading.kt-adv-heading1384_351a6c-ee img.kb-inline-image, .wp-block-kadence-advancedheading.kt-adv-heading1384_351a6c-ee[data-kb-block=\"kb-adv-heading1384_351a6c-ee\"] img.kb-inline-image{width:150px;vertical-align:baseline;}<\/style>\n<h2 class=\"kt-adv-heading1384_351a6c-ee wp-block-kadence-advancedheading\" data-kb-block=\"kb-adv-heading1384_351a6c-ee\">R\u00e8glement <\/h2>\n\n\n\n<p>Le solde de la s\u00e9ance peut, sous certaines conditions, \u00eatre pay\u00e9 en plusieurs fois. Les modalit\u00e9s d&rsquo;\u00e9chelonnement seront convenues entre le vous et moi. Le solde peut \u00eatre r\u00e9gl\u00e9 par virement bancaire ou en esp\u00e8ces. Le solde doit \u00eatre pay\u00e9 avant la date pr\u00e9vue de la s\u00e9ance ou le jour m\u00eame de la s\u00e9ance. Aucune photo ou vid\u00e9o ne sera trait\u00e9e si le solde n&rsquo;est pas enti\u00e8rement pay\u00e9 selon les modalit\u00e9s convenues. <\/p>\n\n\n<style>.wp-block-kadence-advancedheading.kt-adv-heading1384_41e4fb-d0, .wp-block-kadence-advancedheading.kt-adv-heading1384_41e4fb-d0[data-kb-block=\"kb-adv-heading1384_41e4fb-d0\"]{font-style:normal;}.wp-block-kadence-advancedheading.kt-adv-heading1384_41e4fb-d0 mark.kt-highlight, .wp-block-kadence-advancedheading.kt-adv-heading1384_41e4fb-d0[data-kb-block=\"kb-adv-heading1384_41e4fb-d0\"] mark.kt-highlight{font-style:normal;color:#f76a0c;-webkit-box-decoration-break:clone;box-decoration-break:clone;padding-top:0px;padding-right:0px;padding-bottom:0px;padding-left:0px;}.wp-block-kadence-advancedheading.kt-adv-heading1384_41e4fb-d0 img.kb-inline-image, .wp-block-kadence-advancedheading.kt-adv-heading1384_41e4fb-d0[data-kb-block=\"kb-adv-heading1384_41e4fb-d0\"] img.kb-inline-image{width:150px;vertical-align:baseline;}<\/style>\n<h2 class=\"kt-adv-heading1384_41e4fb-d0 wp-block-kadence-advancedheading\" data-kb-block=\"kb-adv-heading1384_41e4fb-d0\">Livraison des photos<\/h2>\n\n\n\n<p>Une fois les photos pr\u00eates, un lien vers une galerie vous sera envoy\u00e9 pour s\u00e9lectionner les photos d\u00e9sir\u00e9es selon le forfait choisi. Vous avez la possibilit\u00e9 de demander des photos suppl\u00e9mentaires, moyennant des frais suppl\u00e9mentaires. Pour certains projets, je peux \u00e9galement vous proposer un rendez-vous pour le visionnage et le choix des photos. Une fois les photos s\u00e9lectionn\u00e9es, un second lien vous sera envoy\u00e9 pour les t\u00e9l\u00e9charger. Les photos seront livr\u00e9es en format JPEG HD pour une qualit\u00e9 optimale. Les photos peuvent \u00e9galement \u00eatre livr\u00e9es sur une cl\u00e9 USB en main propre ou par envoi postal.<\/p>\n\n\n\n<p>Le d\u00e9lai de livraison final est estim\u00e9 \u00e0 un mois \u00e0 partir de la date de la s\u00e9ance photo ou de la s\u00e9lection des photos, selon la premi\u00e8re \u00e9ch\u00e9ance.<\/p>\n\n\n<style>.wp-block-kadence-advancedheading.kt-adv-heading1384_f13068-8b, .wp-block-kadence-advancedheading.kt-adv-heading1384_f13068-8b[data-kb-block=\"kb-adv-heading1384_f13068-8b\"]{font-style:normal;}.wp-block-kadence-advancedheading.kt-adv-heading1384_f13068-8b mark.kt-highlight, .wp-block-kadence-advancedheading.kt-adv-heading1384_f13068-8b[data-kb-block=\"kb-adv-heading1384_f13068-8b\"] mark.kt-highlight{font-style:normal;color:#f76a0c;-webkit-box-decoration-break:clone;box-decoration-break:clone;padding-top:0px;padding-right:0px;padding-bottom:0px;padding-left:0px;}.wp-block-kadence-advancedheading.kt-adv-heading1384_f13068-8b img.kb-inline-image, .wp-block-kadence-advancedheading.kt-adv-heading1384_f13068-8b[data-kb-block=\"kb-adv-heading1384_f13068-8b\"] img.kb-inline-image{width:150px;vertical-align:baseline;}<\/style>\n<h2 class=\"kt-adv-heading1384_f13068-8b wp-block-kadence-advancedheading\" data-kb-block=\"kb-adv-heading1384_f13068-8b\">Livraison des videos<\/h2>\n\n\n\n<p>Les vid\u00e9os seront envoy\u00e9es aux clients via un lien de t\u00e9l\u00e9chargement valide pendant une p\u00e9riode de 7 jours. Il est de la responsabilit\u00e9 des clients de t\u00e9l\u00e9charger les vid\u00e9os dans ce d\u00e9lai imparti.<\/p>\n\n\n\n<p>En cas de non-t\u00e9l\u00e9chargement des vid\u00e9os dans le d\u00e9lai imparti, des frais suppl\u00e9mentaires pourront \u00eatre demand\u00e9s pour leur renvoi. Ces frais seront convenus avec le client avant tout nouvel envoi.<\/p>\n\n\n\n<p>Les vid\u00e9os seront livr\u00e9es au format MP4 H264. Le d\u00e9lai de livraison est estim\u00e9 entre 2 et 3 mois selon les projets, mais peut \u00eatre plus long dans certains cas. Je travaille selon mon style artistique et aucune modification des vid\u00e9os n&rsquo;est possible sauf si convenu au pr\u00e9alable.<\/p>\n\n\n\n<p>Les fichiers bruts des vid\u00e9os ne seront pas fournis aux clients. Seules les vid\u00e9os trait\u00e9es seront livr\u00e9es.<\/p>\n\n\n<style>.wp-block-kadence-advancedheading.kt-adv-heading1384_42ef21-8c, .wp-block-kadence-advancedheading.kt-adv-heading1384_42ef21-8c[data-kb-block=\"kb-adv-heading1384_42ef21-8c\"]{font-style:normal;}.wp-block-kadence-advancedheading.kt-adv-heading1384_42ef21-8c mark.kt-highlight, .wp-block-kadence-advancedheading.kt-adv-heading1384_42ef21-8c[data-kb-block=\"kb-adv-heading1384_42ef21-8c\"] mark.kt-highlight{font-style:normal;color:#f76a0c;-webkit-box-decoration-break:clone;box-decoration-break:clone;padding-top:0px;padding-right:0px;padding-bottom:0px;padding-left:0px;}.wp-block-kadence-advancedheading.kt-adv-heading1384_42ef21-8c img.kb-inline-image, .wp-block-kadence-advancedheading.kt-adv-heading1384_42ef21-8c[data-kb-block=\"kb-adv-heading1384_42ef21-8c\"] img.kb-inline-image{width:150px;vertical-align:baseline;}<\/style>\n<h2 class=\"kt-adv-heading1384_42ef21-8c wp-block-kadence-advancedheading\" data-kb-block=\"kb-adv-heading1384_42ef21-8c\">Droit d&rsquo;auteur<\/h2>\n\n\n\n<p>Les photos livr\u00e9es sont prot\u00e9g\u00e9es par le droit d&rsquo;auteur. Le client s&rsquo;engage \u00e0 ne pas utiliser les photos \u00e0 des fins commerciales sans mon autorisation pr\u00e9alable. <\/p>\n\n\n\n<p>Le client s&rsquo;engage \u00e0 ne pas modifier les photos livr\u00e9es, y compris l&rsquo;application de filtres, le recadrage ou toute autre modification, sans mon autorisation pr\u00e9alable. Les photos doivent \u00eatre utilis\u00e9es telles qu&rsquo;elles ont \u00e9t\u00e9 livr\u00e9es, afin de pr\u00e9server leur int\u00e9grit\u00e9 artistique.<\/p>\n\n\n<style>.wp-block-kadence-advancedheading.kt-adv-heading1384_6f57ad-af, .wp-block-kadence-advancedheading.kt-adv-heading1384_6f57ad-af[data-kb-block=\"kb-adv-heading1384_6f57ad-af\"]{font-style:normal;}.wp-block-kadence-advancedheading.kt-adv-heading1384_6f57ad-af mark.kt-highlight, .wp-block-kadence-advancedheading.kt-adv-heading1384_6f57ad-af[data-kb-block=\"kb-adv-heading1384_6f57ad-af\"] mark.kt-highlight{font-style:normal;color:#f76a0c;-webkit-box-decoration-break:clone;box-decoration-break:clone;padding-top:0px;padding-right:0px;padding-bottom:0px;padding-left:0px;}.wp-block-kadence-advancedheading.kt-adv-heading1384_6f57ad-af img.kb-inline-image, .wp-block-kadence-advancedheading.kt-adv-heading1384_6f57ad-af[data-kb-block=\"kb-adv-heading1384_6f57ad-af\"] img.kb-inline-image{width:150px;vertical-align:baseline;}<\/style>\n<h2 class=\"kt-adv-heading1384_6f57ad-af wp-block-kadence-advancedheading\" data-kb-block=\"kb-adv-heading1384_6f57ad-af\">Autorisation de diffusion<\/h2>\n\n\n\n<p>Avant toute diffusion des photos sur mon site web, mes r\u00e9seaux sociaux ou dans le cadre d&rsquo;expositions, je demande toujours au pr\u00e9alable l&rsquo;autorisation des clients. Je respecte ainsi le droit \u00e0 la vie priv\u00e9e et la volont\u00e9 des clients concernant la diffusion de leurs images.<\/p>\n\n\n\n<p>Pour les clients qui m&rsquo;autorisent \u00e0 diffuser leurs photos, je propose quelques offres gracieuses en remerciement de leur consentement. Cela peut inclure des tirages gratuits, des r\u00e9ductions sur des s\u00e9ances futures ou d&rsquo;autres avantages, selon ce qui est convenu avec le client.<\/p>\n\n\n\n<p>Je m&rsquo;engage \u00e0 respecter pleinement les d\u00e9cisions des clients concernant la diffusion de leurs photos. Si un client ne souhaite pas que ses photos soient diffus\u00e9es, je respecterai cette d\u00e9cision sans aucune contrepartie.<\/p>\n\n\n<style>.wp-block-kadence-advancedheading.kt-adv-heading1384_f06437-45, .wp-block-kadence-advancedheading.kt-adv-heading1384_f06437-45[data-kb-block=\"kb-adv-heading1384_f06437-45\"]{font-style:normal;}.wp-block-kadence-advancedheading.kt-adv-heading1384_f06437-45 mark.kt-highlight, .wp-block-kadence-advancedheading.kt-adv-heading1384_f06437-45[data-kb-block=\"kb-adv-heading1384_f06437-45\"] mark.kt-highlight{font-style:normal;color:#f76a0c;-webkit-box-decoration-break:clone;box-decoration-break:clone;padding-top:0px;padding-right:0px;padding-bottom:0px;padding-left:0px;}.wp-block-kadence-advancedheading.kt-adv-heading1384_f06437-45 img.kb-inline-image, .wp-block-kadence-advancedheading.kt-adv-heading1384_f06437-45[data-kb-block=\"kb-adv-heading1384_f06437-45\"] img.kb-inline-image{width:150px;vertical-align:baseline;}<\/style>\n<h2 class=\"kt-adv-heading1384_f06437-45 wp-block-kadence-advancedheading\" data-kb-block=\"kb-adv-heading1384_f06437-45\">Conservation des fichiers<\/h2>\n\n\n\n<p>Je m&rsquo;engage \u00e0 conserver les photos pendant une p\u00e9riode minimale de trois mois \u00e0 compter de la date de livraison des images au client. Au-del\u00e0 de cette p\u00e9riode de trois mois, je ne peux garantir la conservation des photos. Il incombe donc au client de sauvegarder les images livr\u00e9es dans un format s\u00fbr et durable.<\/p>\n\n\n\n<p>Je recommande vivement aux clients de sauvegarder les photos sur plusieurs supports, tels que des disques durs externes, des services de stockage en ligne s\u00e9curis\u00e9s ou des cl\u00e9s USB, afin d&rsquo;\u00e9viter toute perte de donn\u00e9es.<\/p>\n\n\n<style>.wp-block-kadence-advancedheading.kt-adv-heading1384_cdf489-9e, .wp-block-kadence-advancedheading.kt-adv-heading1384_cdf489-9e[data-kb-block=\"kb-adv-heading1384_cdf489-9e\"]{font-style:normal;}.wp-block-kadence-advancedheading.kt-adv-heading1384_cdf489-9e mark.kt-highlight, .wp-block-kadence-advancedheading.kt-adv-heading1384_cdf489-9e[data-kb-block=\"kb-adv-heading1384_cdf489-9e\"] mark.kt-highlight{font-style:normal;color:#f76a0c;-webkit-box-decoration-break:clone;box-decoration-break:clone;padding-top:0px;padding-right:0px;padding-bottom:0px;padding-left:0px;}.wp-block-kadence-advancedheading.kt-adv-heading1384_cdf489-9e img.kb-inline-image, .wp-block-kadence-advancedheading.kt-adv-heading1384_cdf489-9e[data-kb-block=\"kb-adv-heading1384_cdf489-9e\"] img.kb-inline-image{width:150px;vertical-align:baseline;}<\/style>\n<h2 class=\"kt-adv-heading1384_cdf489-9e wp-block-kadence-advancedheading\" data-kb-block=\"kb-adv-heading1384_cdf489-9e\">Annulation<\/h2>\n\n\n\n<p>En cas d&rsquo;annulation par le client, aucun remboursement ne sera effectu\u00e9, sauf en cas de force majeure d\u00fbment justifi\u00e9e. Dans ce cas, un avoir pourra \u00eatre \u00e9mis et utilis\u00e9 dans un d\u00e9lai d&rsquo;un an pour une nouvelle prestation, sous r\u00e9serve de disponibilit\u00e9.<\/p>\n\n\n\n<p>En cas d&rsquo;annulation de ma part, je m&rsquo;engage \u00e0 rembourser l&rsquo;acompte vers\u00e9 par le client. De plus, une nouvelle s\u00e9ance pourra \u00eatre programm\u00e9e, avec une offre de d\u00e9dommagement pour les d\u00e9sagr\u00e9ments occasionn\u00e9s.<\/p>\n\n\n<style>.wp-block-kadence-advancedheading.kt-adv-heading1384_a338a4-58, .wp-block-kadence-advancedheading.kt-adv-heading1384_a338a4-58[data-kb-block=\"kb-adv-heading1384_a338a4-58\"]{font-style:normal;}.wp-block-kadence-advancedheading.kt-adv-heading1384_a338a4-58 mark.kt-highlight, .wp-block-kadence-advancedheading.kt-adv-heading1384_a338a4-58[data-kb-block=\"kb-adv-heading1384_a338a4-58\"] mark.kt-highlight{font-style:normal;color:#f76a0c;-webkit-box-decoration-break:clone;box-decoration-break:clone;padding-top:0px;padding-right:0px;padding-bottom:0px;padding-left:0px;}.wp-block-kadence-advancedheading.kt-adv-heading1384_a338a4-58 img.kb-inline-image, .wp-block-kadence-advancedheading.kt-adv-heading1384_a338a4-58[data-kb-block=\"kb-adv-heading1384_a338a4-58\"] img.kb-inline-image{width:150px;vertical-align:baseline;}<\/style>\n<h2 class=\"kt-adv-heading1384_a338a4-58 wp-block-kadence-advancedheading\" data-kb-block=\"kb-adv-heading1384_a338a4-58\">Cas de force majeur<\/h2>\n\n\n\n<p>J&rsquo;adopte des mesures pr\u00e9ventives telles que l&rsquo;utilisation de plusieurs cartes m\u00e9moire et disques durs pour minimiser les risques de perte de donn\u00e9es.<\/p>\n\n\n\n<p>En cas de force majeure telle qu&rsquo;un probl\u00e8me technique impr\u00e9vu entra\u00eenant l&rsquo;impossibilit\u00e9 de remettre les fichiers au client, je m&rsquo;engage \u00e0 d\u00e9dommager int\u00e9gralement ou proportionnellement au pr\u00e9judice subi par le client.<\/p>\n","protected":false},"excerpt":{"rendered":"<p>D\u00e9placement Le d\u00e9placement est inclus dans un rayon de 20km de Limoges. Pour des projets situ\u00e9es en dehors de ce rayon, des frais seront appliqu\u00e9s (0,40\u20ac\/km). Ces frais couvrent les co\u00fbts li\u00e9s au carburant, \u00e0 l&rsquo;entretien du v\u00e9hicule et aux frais associ\u00e9s aux d\u00e9placements. Autres frais de d\u00e9placement&nbsp;: les frais de p\u00e9age, de stationnement, de&#8230;<\/p>\n","protected":false},"author":1,"featured_media":0,"parent":0,"menu_order":0,"comment_status":"closed","ping_status":"closed","template":"","meta":{"om_disable_all_campaigns":false,"_monsterinsights_skip_tracking":false,"_monsterinsights_sitenote_active":false,"_monsterinsights_sitenote_note":"","_monsterinsights_sitenote_category":0,"_kadence_starter_templates_imported_post":false,"_kad_post_transparent":"","_kad_post_title":"","_kad_post_layout":"","_kad_post_sidebar_id":"","_kad_post_content_style":"","_kad_post_vertical_padding":"","_kad_post_feature":"","_kad_post_feature_position":"","_kad_post_header":false,"_kad_post_footer":false,"footnotes":""},"class_list":["post-1384","page","type-page","status-publish","hentry"],"aioseo_notices":[],"_links":{"self":[{"href":"https:\/\/csgartphotos.fr\/index.php?rest_route=\/wp\/v2\/pages\/1384","targetHints":{"allow":["GET"]}}],"collection":[{"href":"https:\/\/csgartphotos.fr\/index.php?rest_route=\/wp\/v2\/pages"}],"about":[{"href":"https:\/\/csgartphotos.fr\/index.php?rest_route=\/wp\/v2\/types\/page"}],"author":[{"embeddable":true,"href":"https:\/\/csgartphotos.fr\/index.php?rest_route=\/wp\/v2\/users\/1"}],"replies":[{"embeddable":true,"href":"https:\/\/csgartphotos.fr\/index.php?rest_route=%2Fwp%2Fv2%2Fcomments&post=1384"}],"version-history":[{"count":4,"href":"https:\/\/csgartphotos.fr\/index.php?rest_route=\/wp\/v2\/pages\/1384\/revisions"}],"predecessor-version":[{"id":1398,"href":"https:\/\/csgartphotos.fr\/index.php?rest_route=\/wp\/v2\/pages\/1384\/revisions\/1398"}],"wp:attachment":[{"href":"https:\/\/csgartphotos.fr\/index.php?rest_route=%2Fwp%2Fv2%2Fmedia&parent=1384"}],"curies":[{"name":"wp","href":"https:\/\/api.w.org\/{rel}","templated":true}]}}